= -3*z - 11, p = 4*z + d + 10 + 6. Give b(z).
12
Let a(n) = 5*n**3 + 26881*n - 29*n**2 - 13444*n - 13418*n - 1. Give a(5).
-6
Let h(m) = m**3 - 4*m**2 + m + 2. Let a(l) = -l**2 - 9*l + 10. Suppose f = 33 - 43. Let t be a(f). Suppose t = -4*s + 12. Calculate h(s).
-4
Let n be (-133)/(-21) + (8/12 - 1). Let x(i) = 2*i**2 + 12*i - n - 4 - 3 + 3. Determine x(-7).
4
Suppose -30 + 102 = -2*l. Let b = -34 - l. Let w(i) = 4*i**b - i - 20*i**2 + 2*i. Determine w(1).
-15
Let p = -134 + 115. Let a = 12 + p. Let m(j) be the first derivative of -j**2 - 2*j + 1. Give m(a).
12
Let l(c) be the third derivative of -c**5/60 + 19*c**4/24 - 34*c**3/3 + 1616*c**2. Determine l(6).
10
Let b = 272 + -270. Let a(t) = -27*t + 27. Let u(r) = -7*r + 7. Let x(m) = -4*a(m) + 15*u(m). Calculate x(b).
3
Let a(l) = 2*l**2 + 39*l - 9. Let o(c) = -2*c**2 - 47*c + 11. Let i(x) = 6*a(x) + 5*o(x). Give i(1).
2
Let b(x) be the third derivative of -x**5/60 + x**4/24 + 4*x**3 + 127*x**2. What is b(-5)?
-6
Suppose 820*m = 709*m - 1221. Let d(s) = 2*s**2 + 16*s + 29. Calculate d(m).
95
Let z = -70 + 123. Let q be (-13)/((-7)/(-14) + (5 - 6)). Let x(c) = 8*c**2 + z*c - 17*c + c**3 - q*c + 9. Calculate x(-7).
-12
Let g = 21 - 19. Suppose 3 = 3*n, n = -g*b - 3*b + 11. Let x(y) = -12*y + 3*y**2 + 2*y**b + 17*y - y**3 - 6. Calculate x(6).
-12
Let m = -365 - -370. Suppose 0 = m*o - 12*o - 35. Let h(x) = 6*x**2 - 8*x - 6 + x - 2*x**2 + x**3. Calculate h(o).
4
Let h(x) = 28*x**2 - 3*x - 36. Let s(t) = 10*t**2 - t - 13. Let m(o) = 4*h(o) - 11*s(o). Let z be (0/(-1) - 0) + (3 - 4). Give m(z).
2
Let x(n) = 28*n + 2 - 27*n - 3 + 9. Let c = 87 + -91. Let q(f) = -f**3 - 2*f**2 + 10*f + 3. Let s be q(c). Give x(s).
3
Let h(d) = -2*d**2 + 25*d - 24. Let r(f) = -10*f**2 + 123*f - 93. Let y(z) = 11*h(z) - 2*r(z). What is y(10)?
12
Let w(f) = f**2 + 12*f - 71. Let y(x) = 120*x - 254. Let l be y(2). Calculate w(l).
-43
Let i(u) = -2*u**2 + 0*u**2 + 2*u**2 + 1891 - 1895 + 2*u**2 + 2*u**3 - 6*u. Give i(-4).
-76
Let y(l) = 2*l**2 - l - 3. Suppose -3*z - 4*b + 140 = 0, -12 = -3*z - 5*b + 133. Suppose -v + 4*i = -2*v + 23, 5*v - z = -5*i. Determine y(v).
12
Let v(c) = -c**2 - 11*c + 4. Let b be v(-11). Let l(m) = -47*m - 1. Let x(t) = 16*t + 1. Let j(h) = l(h) + 3*x(h). What is j(b)?
6
Let h(p) = p - 6. Let t(c) = c**2 + 62*c + 226. Let j be t(-58). Determine h(j).
-12
Let g = -122 - -147. Let b(s) = 21 - g + s**2 - 15*s + 14*s. Determine b(3).
2
Let m(c) = 122*c**2 - 4 - 2*c**3 - 4*c + 3*c**3 - 119*c**2 + 0*c**3. Suppose 35 = -3*i + 8*i. Suppose 20 = -i*r + 2*r. Calculate m(r).
-4
Let n(t) be the second derivative of -t**5/20 + t**4/3 + 7*t**3/6 - t**2 + 5747*t. Let o(q) = -q**2 + 4*q + 2. Let l be o(6). Let m = l - -15. What is n(m)?
8
Let h(q) = 34*q + 65. Suppose 11*c - 230 = 75*c + 51*c. Give h(c).
-3
Let m(b) be the third derivative of b**4/4 + b**3/6 - b**2. Suppose 26554 - 26815 = -87*s. Calculate m(s).
19
Let h be -1*((-1)/3)/(19/57). Let y be 0 + h - (17 - 15). Let v(d) = 16*d. Calculate v(y).
-16
Suppose -9 = -4*h - 2*o + 15, 2*h - 16 = -3*o. Let g be 1 + (500/h - 3). Suppose 0 = 9*u + 5*u - g. Let f(z) = -z**3 + 6*z**2 + 7*z - 6. Give f(u).
-6
Let m(o) be the second derivative of o**4/4 - 5*o**3/3 + 9*o**2/2 + 420*o - 2. Determine m(1).
2
Suppose 8 = -2*g + 2*j, 4*j = -5*g + 3874 - 3894. Let p(z) = -z**3 - 5*z**2 - 7*z - 9. Give p(g).
3
Let h be (1 + (754/65 - 15))/(8/(-30)). Let t(o) = -o**2 + 11*o - 7. Determine t(h).
11
Let h(x) = -2*x - 17. Let n(r) = 5*r + 53. Let z(q) = 7*h(q) + 2*n(q). Let w be z(-4). Let c(u) = 4*u + 3. Calculate c(w).
15
Let k = -109 - -108. Suppose -n + 20 = 5*x - 24, -2*n - 2 = 0. Let t be (24/x)/(6/(-9)*k). Let b(f) = -f**3 + 5*f**2 - 5*f + 3. What is b(t)?
-1
Let f = 2 + -5. Let a(k) = -22*k + 72. Let d(l) = -5*l + 16. Let j(h) = 2*a(h) - 9*d(h). Determine j(f).
-3
Let b(p) = -p**3 + 8*p**2 + 11*p - 12. Let i be b(9). Let x be (30/25)/((-2)/(-5)). Let u(q) = 23*q**2 + q**x - 30*q**2 + 11*q - 4*q - 1. What is u(i)?
5
Let q(x) = -x**2 + 28*x - 125. Let l = 18502 + -18496. Determine q(l).
7
Let o(r) be the third derivative of r**5/60 - r**3/3 - 3125*r**2. What is o(-6)?
34
Let n(a) be the second derivative of a**5/60 - a**4/3 - 7*a**3/6 - 41*a**2 - 17*a - 4. Let t(b) be the first derivative of n(b). Determine t(9).
2
Let q be (-1*6/(-4))/((-30)/(-80)). Let n be -1 - (12/q - 29). Let c(y) = -17*y**2 + n*y**2 + y - 2*y + 1. Calculate c(1).
8
Let h(m) = -11*m - 2. Let y(a) = -2*a - 1. Let b(l) = h(l) - 2*y(l). Give b(14).
-98
Let c(x) = x + 16. Let k be c(-10). Suppose 2*u + k = 4*u. Let r(s) = -s + u*s + s**2 + 0 + 8 + 6*s. Determine r(-6).
-4
Let s(j) = j**3 + 52*j**2 + 233*j - 102. Let a be s(-47). Let h(f) = 2*f**3 + 17*f**2 + 12*f + 33. Determine h(a).
1
Suppose -2*z + 399 = -3*z. Let r = z - -404. Let s(b) = b**2 - 5*b - 11. Give s(r).
-11
Let j(w) = w**2 - 7*w + 10. Suppose -2*c + c = 20*c. Suppose c = -20*i + 27*i - 42. What is j(i)?
4
Let k(h) be the second derivative of -5/3*h**3 + 7 - h**2 + 1/12*h**4 - 5*h. What is k(7)?
-23
Let b(j) = -11 + 3*j**2 - 7*j**2 - 331*j**3 - 3*j + 332*j**3 + 8. Calculate b(4).
-15
Suppose 5*w - 4*z + 16 = 8*w, -8 = 4*w - 2*z. Suppose -5*p - 3*u + 9 = w, -4*p = 8*u - 4*u - 4. Let g(s) = -s - 8. What is g(p)?
-11
Suppose 896 = 12*s - 388. Let o = 97 - s. Let f(m) = -m**2 + 1. Let g(z) = -5*z**2 - 9*z + 12. Let d(p) = -4*f(p) + g(p). Give d(o).
-2
Let o(y) be the second derivative of -5*y**3/2 - 93*y**2/2 - 32*y. Let x be o(-6). Let i(q) = q**3 - q**2 - 3*q + 3. Determine i(x).
-24
Let c(b) = -b**3 - 3*b**2 + 5*b - 4. Suppose -3*w - 73*w - 336 = 8*w. What is c(w)?
-8
Let s(k) = 22*k - 28*k - 6 - 20 + 55 + 3. Calculate s(13).
-46
Let j(p) be the first derivative of p**2 + 3427. Let s(x) = -5*x + 1. Let t be s(1). Calculate j(t).
-8
Let r(z) be the first derivative of 27 + 3/8*z**4 + 11/3*z**3 + 0*z**2 - 1/120*z**5 + 0*z. Let u(b) be the third derivative of r(b). What is u(-7)?
16
Let k(u) = 4*u**2. Let j(n) = 9*n + 5. Let l be j(0). Suppose 126*x = 121*x - l. Give k(x).
4
Let v(j) = -j**2 + 16*j - 22. Let h(s) = -s**2 + 118*s + 1564. Let g be h(-12). Give v(g).
26
Let o(y) = y - 30889 + 15448 + 15449. Calculate o(3).
11
Suppose 206*h = 203*h - 864. Let z = h + 286. Let r(u) = 2*u**3 + u**2 - 6*u - 7. Let n(d) = -d**3 - d**2 + d + 1. Let f(p) = 4*n(p) + r(p). Give f(z).
5
Suppose 0 = 51*l - 76*l + 74525. Let n(m) = 1495 + 1490 - l + m**2. Give n(4).
20
Let v(b) = 2*b. Let r(c) = 9*c. Suppose -54 = 4*l + 5*s + 22, 76 = -4*l + s. Let z be 1/(4/(-8)) + l. Let q(a) = z*v(a) + 5*r(a). What is q(-1)?
-3
Let q(m) = 10*m + 3*m**2 + 251 - 5*m**2 - 4*m + 3*m**2 - 265. What is q(-8)?
2
Let c(v) be the second derivative of -v**5/20 - v**4/4 + v**3/3 + 3*v**2/2 + v. Let s = 32127 - 32130. Calculate c(s).
-3
Suppose -348 - 172 = -8733*z + 8681*z. Let p(w) = w**3 - 11*w**2 + 18*w - 15. Give p(z).
65
Let r(i) = -i**2 + 8*i - 9. Let d be (70/(-90) + 2/(-9))*-4. Suppose d*j + 2*h - 30 = 0, 4*j - 2*h - 19 = j. Determine r(j).
-2
Suppose 0*z = 5*z. Let a(m) = 4334 + z*m + 6*m - 4334. Calculate a(-4).
-24
Suppose 7*x + 2*f + 5 = 8*x, 0 = -4*x - 5*f + 20. Let l(h) be the second derivative of -2*h**3/3 - h**2 - 18*h. Calculate l(x).
-22
Let x(u) be the first derivative of -u**2/2 + 21*u + 384. Give x(26).
-5
Let d(r) = -r**3 + 5*r**2 + 6*r + 5. Suppose 0 = 4*j + 5*z - 1264, -3*j + 37*z = 36*z - 967. Let m = 327 - j. What is d(m)?
5
Let c(t) = -t + 5. Let q = -361 - -381. Let o(j) = j - 17. Let m be o(q). Determine c(m).
2
Let q(h) = h**3 + 4*h**2 + 2*h + 3. Let g be 4/34 + 10/(-85). Let b be (g + -1)*(-987)/21. Let r = b + -50. What is q(r)?
6
Let x(h) = -h + 21. Let f be (-58)/(-8)*2 - ((-660)/88)/(-5). Give x(f).
8
Let a(v) = v**3 - 2*v**2 - 6. Let d(c) be the second derivative of c**3/3 - 21*c**2/2 - 15*c + 1. Let i be d(12). Determine a(i).
3
Let i(a) = 1584*a + 7917. Let u be i(-5). Let b(d) = 7*d - 10. Give b(u).
-31
Let r(g) = -g - 4 - 4 + 7 - 3. Suppose -w + 64 = 125 - 64. What is r(w)?
-7
Let x(y) = 2*y**3 + 2*y**2 - 2*y - 1. Suppose 4 = -4*q, -3*i + 2*q + q + 27 = 0. Suppose -2*v = 10, -5 = -z + 3*v + i. What is x(z)?
-5
Let g(d) = -11*d + 6 - 4*d + 8*d + d**2 - 2*d**2. Determine g(-6).
12
Let c(u) = u**2 + 2*u + 2. Let t = 2256 + -2256. Give c(t)